 base 10
5496
Convert -2565 (base 8) to base 2.
-10101110101
8a2c (base 14) to base 2
101110110010000
Convert -100101000000 (base 2) to base 6.
-14544
Convert -6930 (base 13) to base 4.
-3212112
22101011 (base 3) to base 13
2a19
Convert 1410 (base 9) to base 2.
10000100110
-1000 (base 7) to base 12
-247
What is -1011011110 (base 2) in base 5?
-10414
-111102200 (base 3) to base 15
-2d7c
What is -1434 (base 11) in base 9?
-2477
1131 (base 12) to base 13
b3b
Convert 7d5 (base 14) to base 3.
2010202
-2444 (base 5) to base 15
-19e
140213 (base 7) to base 5
1322034
What is -34155 (base 6) in base 3?
-20121122
Convert 12432 (base 5) to base 15.
462
What is -5026 (base 9) in base 12?
-2159
-101134 (base 6) to base 2
-1111101110010
What is 143305 (base 7) in base 8?
65710
What is 19a04 (base 13) in base 4?
30031230
What is -338 (base 14) in base 15?
-2c8
1101202 (base 3) to base 14
52b
What is -141424 (base 6) in base 11?
-a024
What is 2065 (base 8) in base 2?
10000110101
What is 5bb5 (base 12) in base 10?
10361
Convert -5f2 (base 16) to base 4.
-113302
-154 (base 16) to base 6
-1324
-1095 (base 12) to base 4
-130301
Convert 150615 (base 7) to base 4.
13012332
What is -110110011 (base 2) in base 14?
-231
-1001122 (base 3) to base 16
-305
What is 4d8b (base 15) in base 3?
211201012
-577 (base 15) to base 9
-1624
Convert -1537 (base 9) to base 13.
-6bb
What is -424 (base 5) in base 14?
-82
What is 425 (base 10) in base 14?
225
41412 (base 7) to base 13
480c
Convert 1820 (base 9) to base 11.
1059
-33350 (base 6) to base 7
-16425
Convert 11002 (base 4) to base 15.
167
8a8b (base 13) to base 9
28524
What is -10130 (base 4) in base 15?
-13e
Convert -240442 (base 5) to base 11.
-6736
What is -18d6 (base 14) in base 2?
-1000110010100
Convert -2914 (base 14) to base 5.
-213040
Convert 1006 (base 8) to base 13.
30b
What is 2462 (base 7) in base 6?
4142
What is 110010001000111 (base 2) in base 16?
6447
Convert 2637 (base 9) to base 16.
7ba
2559 (base 14) to base 7
25042
Convert -3332404 (base 5) to base 15.
-124d9
a55 (base 12) to base 8
2741
882 (base 10) to base 16
372
60675 (base 8) to base 11
17887
194b (base 13) to base 16
ec5
What is 14069 (base 14) in base 4?
30011031
What is 832 (base 9) in base 16?
2a5
What is 11333120 (base 4) in base 2?
101111111011000
Convert 10678 (base 9) to base 2.
1101111001110
Convert 2fa (base 16) to base 3.
1001020
Convert 1a6a (base 12) to base 11.
2495
Convert -21101 (base 8) to base 9.
-13023
Convert -c1 (base 13) to base 3.
-12211
Convert 2023210 (base 4) to base 12.
5204
Convert 11323 (base 9) to base 13.
3591
What is -8427 (base 11) in base 10?
-11161
What is 12c15 (base 13) in base 8?
104271
202122110 (base 3) to base 9
22573
1013222 (base 4) to base 9
6255
What is 413 (base 13) in base 4?
22310
1301434 (base 5) to base 6
312512
Convert -131020 (base 6) to base 12.
-6a70
6501 (base 7) to base 14
ba8
1111302 (base 4) to base 7
22002
-100111110111 (base 2) to base 8
-4767
Convert 4052 (base 7) to base 15.
63e
What is 121131 (base 4) in base 15?
739
Convert 4df7 (base 16) to base 6.
232223
140 (base 8) to base 14
6c
Convert -23bc (base 13) to base 15.
-1771
Convert -2222 (base 14) to base 11.
-4493
401 (base 16) to base 15
485
20322230 (base 4) to base 8
107254
Convert 60a6 (base 12) to base 6.
120330
-223102 (base 4) to base 8
-5322
What is -1010201110 (base 3) in base 12?
-10b63
Convert 4568 (base 11) to base 3.
22020100
What is -2431 (base 5) in base 8?
-556
Convert 2120 (base 5) to base 15.
140
-cb3 (base 13) to base 15
-99e
-33469 (base 10) to base 16
-82bd
Convert 257 (base 13) to base 4.
12122
-6a9 (base 16) to base 9
-2304
What is 7ca (base 16) in base 7?
5546
1001120210 (base 3) to base 9
31523
854b (base 13) to base 9
27317
b29 (base 12) to base 5
22432
What is 1120 (base 10) in base 4?
101200
Convert 3140 (base 13) to base 14.
26a8
Convert 11c (base 16) to base 6.
1152
What is -131 (base 12) in base 13?
-10c
What is 4241 (base 9) in base 7?
12040
Convert -6574 (base 8) to base 10.
-3452
-c496 (base 15) to base 5
-2312131
What is -2000111 (base 3) in base 6?
-10451
340302 (base 6) to base 16
6fce
Convert -3dae (base 15) to base 11.
-9a23
131 (base 12) to base 5
1211
What is -30 (base 16) in base 11?
-44
Convert 4042 (base 6) to base 13.
536
106423 (base 7) to base 12
b05a
221 (base 7) to base 6
305
Convert -420223 (base 7) to base 12.
-35901
What is -4244 (base 5) in base 16?
-23e
-1290 (base 15) to base 2
-111101111000
What is 2112200211 (base 3) in base 9?
75624
Convert -20011 (base 5) to base 4.
-103220
200222 (base 3) to base 9
628
-3403 (base 5) to base 14
-262
5641 (base 7) to base 11
1593
What is 73 (base 12) in base 14?
63
Convert -1786b (base 12) to base 16.
-8513
2011 (base 4) to base 13
a3
Convert -15164 (base 9) to base 3.
-112012011
What is -14bc (base 15) in base 13?
-2046
Convert -23551 (base 7) to base 2.
-1011111100000
Convert b42 (base 13) to base 4.
131321
What is -28a1 (base 13) in base 4?
-1123311
What is -111101001111 (base 2) in base 15?
-1264
c749 (base 13) to base 16
6bd8
Convert 464601 (base 7) to base 10.
83301
What is 5184 (base 9) in base 6?
25334
1110101001 (base 2) to base 13
571
-46fe (base 16) to base 12
-a626
What is 110020 (base 9) in base 5?
4100003
What is -109 (base 11) in base 5?
-1010
Convert -152453 (base 6) to base 16.
-3a11
3650 (base 8) to base 12
1174
What is -3211 (base 4) in base 3?
-22111
-11101011011 (base 2) to base 8
-3533
What is -303101 (base 4) in base 2?
-110011010001
285 (base 12) to base 5
3024
Convert -cb2 (base 15) to base 8.
-5463
What is -240251 (base 6) in base 11?
-14725
Convert -60d (base 15) to base 8.
-2523
Convert -34404 (base 5) to base 14.
-c91
Convert -15331 (base 7) to base 15.
-140a
Convert c1d9 (base 16) to base 12.
24875
1 (base 4) to base 5
1
Convert -43424 (base 6) to base 4.
-1131220
What is 1202001 (base 3) in base 11?
a55
What is -5211 (base 9) in base 6?
-25401
What is -5e03 (base 16) in base 2?
-101111000000011
314214 (base 5) to base 4
2210333
Convert 3036 (base 14) to base 10.
8280
Convert 92c1 (base 15) to base 5.
1443011
-1e5b (base 15) to base 4
-1213103
824 (base 15) to base 14
950
Convert -16488 (base 10) to base 2.
-100000001101000
-14c3 (base 16) to base 15
-1895
-7a5 (base 13) to base 9
-1724
33921 (base 10) to base 2
1000010010000001
What is -2312203 (base 4) in base 16?
-2da3
What is 511 (base 10) in base 9?
627
1303 (base 5) to base 3
21112
10212130 (base 4) to base 9
27757
-110101100 (base 2) to base 8
-654
111111111 (base 2) to base 5
4021
-120222000 (base 3) to base 7
-45633
-345 (base 12) to base 9
-588
Convert -21e6 (base 15) to base 5.
-212231
-158 (base 15) to base 7
-620
47110 (base 8) to base 6
232440
What is 445 (base 7) in base 6?
1021
-342215 (base 6) to base 15
-8902
What is -25b4 (base 12) in base 8?
-10330
What is d3c (base 14) in base 2?
101000101010
Convert 11100101000 (base 2) to base 9.
2455
-33011 (base 4) to base 6
-4245
-67 (base 10) to base 3
-2111
Convert -202112 (base 3) to base 13.
-338
What is -12212 (base 3) in base 14?
-b4
What is 1819a (base 13) in base 14?
12cc9
Convert 11101111101 (base 2) to base 14.
9ad
22021 (base 4) to base 9
801
Convert -1223213 (base 5) to base 11.
-16777
21122 (base 3) to base 9
248
Convert -9c6 (base 14) to base 3.
-2122210
What is -100011010 (base 2) in base 14?
-162
Convert 1149 (base 11) to base 16.
5e1
What is -1121201 (base 4) in base 8?
-13141
What is 2122210121 (base 3) in base 2?
1100110001110110
Convert -15655 (base 8) to base 15.
-2175
Convert -2d42 (base 14) to base 5.
-224334
Convert -142 (base 12) to base 5.
-1234
What is 6376 (base 10) in base 6?
45304
202222 (base 3) to base 9
688
Convert 379 (base 16) to base 13.
535
-2020021021 (base 3) to base 15
-d041
Convert -232 (base 12) to base 14.
-194
2030300 (base 4) to base 16
2330
Convert -132461 (base 7) to base 5.
-1244220
Convert -1252 (base 6) to base 9.
-385
Convert 2a18 (base 16) to base 15.
32d6
Convert 30000 (base 4) to base 7.
2145
2250 (base 13) to base 7
16662
Convert 101 (base 15) to base 6.
1014
What is -293 (base 12) in base 8?
-617
What is 8716 (base 9) in base 11?
4901
What is 29464 (base 11) in base 6?
521331
407 (base 12) to base 4
21013
Convert 1664 (base 7) to base 5.
10213
-81 (b